= -j - 104, 0 = 5*n + v*j - 89. Is n prime?
True
Suppose 17 + 61 = 6*o. Is 1536/o + (-4)/26 composite?
True
Suppose -499 + 5804 = 5*d. Is d prime?
True
Suppose -5*f = -n - 18, -n - 2*n + 2*f - 2 = 0. Suppose -325 = -3*l - n*l. Is l a composite number?
True
Suppose 0 = -5*m + 554 + 711. Is m a composite number?
True
Let w = -4 + 5. Let k(b) be the third derivative of 11*b**6/20 + b**4/24 - 3*b**2. Is k(w) a composite number?
False
Let h(n) = -n**2 - 3*n - 2. Let i be h(-3). Is i/(7/((-1827)/6)) a composite number?
True
Is (-26)/(-117) - 5281/(-9) prime?
True
Is 2 + (-3 - -35*1) composite?
True
Suppose 3*d - 5*d = -78. Is d a composite number?
True
Let n(r) = 4*r**2 - 10*r - 11. Is n(9) a composite number?
False
Suppose 5*o + 15 - 75 = 0. Suppose 3*q = -q - o. Let b(f) = -7*f - 2. Is b(q) composite?
False
Suppose -2*s = -2*k - 68, -s = 3*k + 2*k - 58. Suppose 4*n - 152 = 2*f, -3*n = -2*n + 4*f - s. Is n composite?
True
Suppose -2*b - 148 = -6*b. Is b a prime number?
True
Let b = 6 + -4. Let j be b/3 - 262/(-3). Let q = j + -33. Is q composite?
True
Suppose 0 = 4*z - 0*z - 952. Let l = -166 + z. Let q = l - 39. Is q prime?
False
Let u(d) = -d**3 + 3*d**2 - 3*d + 3. Let y be u(2). Let t be y/(-5) - (-22)/10. Is t + (-2)/((-4)/58) a composite number?
False
Let f(m) = -m**3 + 2*m**2 + 1. Let x be f(2). Let u(b) = -6*b - 3. Let n be u(-4). Let s = x + n. Is s prime?
False
Suppose 204 = -2*h + 6*h. Is h composite?
True
Let v(u) = u**2 - 4*u. Let g be v(3). Let h(q) = 12*q**2 - 3*q + 2. Is h(g) prime?
False
Suppose 3*f = g - 1, -5*f + 2 - 1 = -g. Suppose g*v + 15 - 151 = 0. Is v a composite number?
True
Let f(b) = b**3 + 13*b**2 + 5*b - 2. Let h be f(-12). Let c = 13 + h. Is c composite?
True
Let o be 2/(-4)*(-4 + 0). Let b be 1*(o + 2 - 2). Suppose -79 = h - b*h. Is h a prime number?
True
Is (-14 + 7)*(-103)/1 a prime number?
False
Let v = 6 + -4. Suppose v*z - 136 = -4*w, -3*z + 33 = -2*z - 5*w. Is z a composite number?
True
Let x(t) = t**2 - t. Let f be x(1). Let q be (-273)/4*(-7 - -3). Suppose -3*d = -f*d - q. Is d composite?
True
Let w(o) = o**2 + 8*o + 6. Let x be w(-8). Let y be (-1 - x/(-2))*1. Suppose 2*v = y*z + 3*z - 178, -3*z = -v - 106. Is z prime?
False
Let v be (0/(-2))/(-1 + 4). Suppose 14 = -v*j + 2*j. Suppose -4*o + 86 = 2*t, -2*o + 5*t + 6 = -j. Is o prime?
True
Let w = -19 - -13. Let i(l) = l**3 + 8*l**2 + 6*l - 8. Let j be i(w). Suppose 4*a = -3*u + 81 + j, 0 = -5*a + 5. Is u a composite number?
True
Suppose 3*h - 4*z - 15 = 0, h - 2*z = -2*h + 15. Suppose 0 = 3*b - h*b + 326. Is b composite?
False
Suppose 5*j + 7 - 72 = 0. Suppose -k + j = -18. Is k a composite number?
False
Let q = 860 - -763. Is q a prime number?
False
Is (357 + -20)*(1 - -4) a prime number?
False
Let r(t) = 6*t + 4. Let q(x) = -17*x - 11. Let h(s) = 4*q(s) + 11*r(s). Let y be h(4). Let l(d) = -d**3 - 7*d**2 - 7*d + 9. Is l(y) composite?
True
Suppose -499 = -4*a - 107. Let s be (2 - 0)/(2/a). Let u = s + -39. Is u composite?
False
Suppose 4*b = -0*b + 1148. Is b a composite number?
True
Suppose -p + 4*s = -773, -3*s = -3*p - 6*s + 2394. Is p composite?
True
Let i(u) = -u**3 - 7*u**2 + 10*u + 12. Let o be i(-8). Let d = o - -17. Is d a composite number?
False
Suppose -2*a + a = -5*v + 720, 2*v + 2*a - 276 = 0. Is v a prime number?
False
Suppose -4*u - 2*i + 232 = 0, 0 = -2*u + 4*i + 145 - 19. Is u a composite number?
False
Suppose 5*a - 4*o = -0*o + 2631, 525 = a - 2*o. Suppose 188 = 5*k - a. Is k composite?
True
Let z(i) = -i**3 + 1. Let v be z(1). Let d = v + 5. Suppose 0 = d*j + 2*y - 241, 0 = -3*j - 2*y + 4*y + 151. Is j composite?
True
Suppose 3*h + 50 = 2132. Suppose 5*z - 2562 = -s - 871, h = 2*z - 4*s. Is z composite?
True
Suppose -3*x = 2*x - 170. Let r = 117 - x. Is r composite?
False
Let l(o) = 26*o - 21. Is l(7) prime?
False
Suppose 0 = 3*l + y - 198, 4*y = -5*l + 349 - 26. Is l composite?
False
Let x(s) = -5*s + 5. Let f = 3 + -1. Suppose c - 2 = -3*u, 0 = -c + u + f*u - 10. Is x(c) a composite number?
True
Is (-1 + 2)/(5/2905) prime?
False
Suppose -3*k - l + 8 = 0, 4*l + 0*l - 21 = -k. Is (-2)/k*(3 + -5) prime?
False
Suppose 5 = 5*m, -4*b + 945 = -0*b + m. Suppose 3*t - 133 = -4*q + 180, 3*q + t - b = 0. Is q a prime number?
True
Suppose 4*g = -2*v - 2, -5*v = -4*v - 5. Let o be ((-43)/g)/(3/(-9)). Let d = -20 - o. Is d a prime number?
True
Suppose -x + 6 = x. Let v = x + -5. Is -14*(3/(-6) + v) prime?
False
Let a = 2504 - 1735. Is a prime?
True
Suppose 2*f - 2051 = 183. Is f prime?
True
Let d = 50 + -30. Let a = 10 + d. Let f = a + 49. Is f composite?
False
Let s be (4 - 3)*5*1. Suppose 2*w = s*d + 23, -w + 0*w = 5*d + 11. Let m(n) = -5*n. Is m(d) prime?
False
Let w = 392 + -233. Is w composite?
True
Let x(l) = -l**2 - l + 4. Let g be x(0). Suppose -g*o = -0*o - 84. Is o prime?
False
Suppose -2*z = 3*p + 5 - 1, 4*z = -p - 18. Suppose p*v = -2*v + 524. Is v a composite number?
False
Let z be 3 - 3/(4 + -1). Let x be (2 + 2 - 3)*z. Suppose -x*f - 3*f + 155 = 0. Is f composite?
False
Let y be (-2)/(-7) + (-257)/(-7). Suppose -3*z - 5 = -2*p, -4*p - 3*z - 3 = -22. Let v = y - p. Is v prime?
False
Suppose 5*g - 2*g - 1275 = 0. Let q = -1 + 1. Suppose q*j + g = 5*j. Is j composite?
True
Let g(y) = 5*y**2 + 37*y**3 - 4*y**2 + y - 2*y. Let n = -1 - -2. Is g(n) a composite number?
False
Suppose -4*t - 2*c + 7802 = 0, t + c - 1952 = -0*c. Is t prime?
True
Suppose -2*z = 3*w + 7, -11 = w + 5*z + 13. Is 4*w/(16/596) a prime number?
True
Suppose 3*p = 7*p - 928. Suppose 7*u = 3*u + p. Is u prime?
False
Suppose 2*h + 573 = 5*h. Is h a prime number?
True
Let q(u) = -u**3 - 10*u**2 + 12*u + 11. Let j be q(-11). Suppose v = -j*v + 121. Is v prime?
False
Suppose 0 = -4*h + 2*h + 1958. Is h a composite number?
True
Suppose 5*j + 3811 = 2*d, 5*d = -7*j + 4*j + 9450. Is d a composite number?
True
Let u(k) = k**3 - k**2 + 69. Is u(0) a composite number?
True
Let i = 193 + 774. Is i prime?
True
Suppose 5*q = 8*q. Let m(x) = x**2 + 4*x + 7. Let d be m(-6). Suppose -z + d = -q*z. Is z a prime number?
True
Suppose -2776 = -4*i - 4*i. Is i prime?
True
Let c = -90 - -217. Is c composite?
False
Let o(i) = -23*i - 6. Let h be o(-8). Suppose 3*w = 369 - 102. Let k = h - w. Is k prime?
True
Let f(u) = -u**3 + 4*u**2 + 5*u + 2. Let w be f(5). Suppose -3*l + 4*s = -702, 4*l = -2*s - s + 911. Suppose 0 = -3*h - w*h + l. Is h a prime number?
False
Let m(n) = 15*n**3 + n. Let a be m(-1). Let x be (2/1)/((-2)/(-29)). Let y = x + a. Is y prime?
True
Let h = 37 + -6. Suppose -5*m + 2 = -2*b, m + m - 24 = -5*b. Suppose -h - 25 = -b*a. Is a a composite number?
True
Let f be (-1 - 0) + 3/3. Suppose f = -0*z - 2*z + 4. Suppose -4*q = 5*p - 2*q - 267, -z*p - 3*q + 109 = 0. Is p a prime number?
True
Suppose -17 - 48 = -5*d. Let s = d + -6. Is s prime?
True
Let k(r) = 3*r**3 - 26*r**2 - 20*r + 41. Let n(p) = -2*p**3 + 17*p**2 + 13*p - 27. Let o(u) = -5*k(u) - 7*n(u). Let h be (-8)/36 - (-303)/27. Is o(h) composite?
False
Let j(g) = -97*g + 4. Let c(k) = 48*k - 2. Suppose -2*a = -2*o + 2, -3 = -2*a + 5. Let s(m) = o*c(m) + 3*j(m). Is s(-3) a composite number?
True
Let w(r) = -r**3 + 28*r**2 + 45*r - 51. Is w(29) a prime number?
False
Suppose -6*v - 1784 = -10*v. Is v a composite number?
True
Let o(a) = 14*a - 53*a - 14*a + 7. Let t(r) = 26*r - 3. Let b(y) = 4*o(y) + 9*t(y). Is b(4) prime?
True
Let q(w) be the third derivative of w**6/40 + w**5/30 + w**4/12 - w**3/2 - 4*w**2. Is q(2) a composite number?
True
Let r(n) = -4*n - 8. Let g(s) = -5*s - 7. Let u(a) = -7*g(a) + 6*r(a). Is u(8) a prime number?
True
Let n(f) = 1380*f**2 + 1. Is n(1) a prime number?
True
Suppose -4*h + 3*w = 7*w - 20, 2 = 2*h - 2*w. Suppose -2*b + 6*b = h*q, -q = -4*b. Suppose 0*p - 52 = -5*j + p, b = 5*p - 15. Is j a composite number?
False
Suppose 4*g + 4*v - v = -185, -3*g = 2*v + 140. Suppose -5*l - 35 - 100 = 0. Let o = l - g. Is o prime?
True
Suppose -j + 9 = 2*j. Suppose -165 = -j*b + 3*t, -2*t = b + 3*t - 43. Is b composite?
False
Let d(a) = 19*a**2 - 20*a - 7. Is d(18) composite?
True
Suppose 0 = 5*v - 2*v - 2247. Is v/9 - (-6)/(-27) composite?
False
Suppose 16*i - 14*i = 3054. Is i a prime number?
False
Let x be 2 + 1/1 + -3. Suppose x*p = 3*p - 879. Is p prime?
True
Suppose -20 = -3*s - 5*j - 2459, s = -2*j